ime factors of 1257212994?
2, 3, 209535499
What are the prime factors of 1440983989?
811, 853, 2083
What are the prime factors of 18494838?
2, 3, 342497
What are the prime factors of 57099701?
57099701
What are the prime factors of 48152431?
67, 127, 5659
List the prime factors of 107783259.
3, 73, 223, 2207
List the prime factors of 541975567.
7, 479, 161639
What are the prime factors of 496729532?
2, 13, 734807
What are the prime factors of 26445625?
5, 17, 19, 131
List the prime factors of 181531667.
181531667
List the prime factors of 4135762626.
2, 3, 689293771
What are the prime factors of 2498041943?
89, 28067887
List the prime factors of 420652265.
5, 11, 695293
List the prime factors of 5687433899.
7, 12041, 67477
What are the prime factors of 206348831?
13, 93923
What are the prime factors of 187598545?
5, 3727, 10067
What are the prime factors of 244232489?
17, 677, 21221
What are the prime factors of 4676625216?
2, 3, 367, 22123
List the prime factors of 151558521.
3, 50519507
What are the prime factors of 89198385?
3, 5, 139, 179, 239
What are the prime factors of 205597192?
2, 25699649
List the prime factors of 2300109520.
2, 5, 17, 1691257
What are the prime factors of 3912697?
1873, 2089
List the prime factors of 583515455.
5, 116703091
List the prime factors of 30006239.
683, 43933
What are the prime factors of 7744068?
2, 3, 89, 2417
What are the prime factors of 48264664?
2, 7, 61, 71, 199
List the prime factors of 215145828.
2, 3, 31, 179, 359
List the prime factors of 1197232301.
2437, 491273
What are the prime factors of 30101173?
409, 73597
List the prime factors of 1034131119.
3, 7, 49244339
What are the prime factors of 605043180?
2, 3, 5, 7, 181, 379
List the prime factors of 289898286.
2, 3, 48316381
List the prime factors of 213521178.
2, 3, 13, 337, 8123
List the prime factors of 259289357.
73, 3551909
What are the prime factors of 98772743?
521, 189583
What are the prime factors of 124487847?
3, 11, 31, 4507
List the prime factors of 55076365.
5, 29, 379837
What are the prime factors of 1548276660?
2, 3, 5, 7, 409597
What are the prime factors of 33296612?
2, 83, 100291
What are the prime factors of 76823016?
2, 3, 1453, 2203
What are the prime factors of 4687867?
1277, 3671
List the prime factors of 46838029.
7, 6691147
What are the prime factors of 50037817?
17, 1409, 2089
What are the prime factors of 57075794?
2, 1109, 25733
What are the prime factors of 157512829?
31, 431, 11789
What are the prime factors of 2139114214?
2, 1069557107
What are the prime factors of 7118108550?
2, 3, 5, 7, 71, 103
What are the prime factors of 2280290210?
2, 5, 11, 4391, 4721
List the prime factors of 76039965.
3, 5, 191, 983
List the prime factors of 1758852499.
8537, 206027
What are the prime factors of 14217718?
2, 7108859
List the prime factors of 12637357.
1039, 12163
What are the prime factors of 194377134?
2, 3, 7, 523, 8849
What are the prime factors of 62608795?
5, 1321, 9479
List the prime factors of 62927994.
2, 3, 10487999
What are the prime factors of 2279670933?
3, 1877, 404843
What are the prime factors of 141653994?
2, 3, 23608999
What are the prime factors of 281011198?
2, 13, 10808123
What are the prime factors of 89126026?
2, 11, 1753, 2311
List the prime factors of 540881951.
127, 1877, 2269
List the prime factors of 85288153.
85288153
List the prime factors of 842168563.
1229, 685247
List the prime factors of 4507336990.
2, 5, 13, 17, 137, 14887
What are the prime factors of 1907850753?
3, 29, 379, 2143
List the prime factors of 18310999.
7, 2615857
List the prime factors of 2963174303.
8287, 357569
What are the prime factors of 138204233?
19, 947, 7681
What are the prime factors of 831490144?
2, 863, 30109
What are the prime factors of 2068891295?
5, 413778259
What are the prime factors of 57632290?
2, 5, 5763229
List the prime factors of 2116086348.
2, 3, 269, 655541
List the prime factors of 119070048.
2, 3, 61, 20333
List the prime factors of 27617941.
13, 2124457
What are the prime factors of 318290300?
2, 5, 43, 74021
List the prime factors of 443390228.
2, 23, 797, 6047
List the prime factors of 91256405.
5, 31, 397, 1483
What are the prime factors of 446104530?
2, 3, 5, 197, 8387
What are the prime factors of 3719355409?
7, 11, 48303317
List the prime factors of 501657854.
2, 233, 1076519
What are the prime factors of 255951765?
3, 5, 1895939
What are the prime factors of 336232918?
2, 7, 1453, 16529
What are the prime factors of 697643716?
2, 7, 11, 31, 2357
What are the prime factors of 3663949?
3663949
List the prime factors of 531828444.
2, 3, 7, 6331291
List the prime factors of 6726834.
2, 3, 43, 2897
What are the prime factors of 112438810?
2, 5, 11, 41, 107, 233
What are the prime factors of 766332584?
2, 23, 43, 96857
What are the prime factors of 3382806904?
2, 43, 1303, 7547
What are the prime factors of 4093891019?
4093891019
What are the prime factors of 175421928?
2, 3, 11, 29, 2083
What are the prime factors of 208295131?
11, 18935921
List the prime factors of 1054806149.
241, 4376789
List the prime factors of 78816275.
5, 19, 73, 2273
What are the prime factors of 51945904?
2, 47, 67, 1031
List the prime factors of 59412542.
2, 7, 23, 184511
What are the prime factors of 27404413?
27404413
What are the prime factors of 222014124?
2, 3, 23, 268133
What are the prime factors of 245622272?
2, 7, 19, 3607
What are the prime factors of 5195688426?
2, 3, 691, 417727
What are the prime factors of 50815438?
2, 1609, 15791
List the prime factors of 4370647092.
2, 3, 7, 52031513
What are the prime factors of 419003114?
2, 17, 12323621
List the prime factors of 2204727358.
2, 19, 41, 71, 1049
What are the prime factors of 217798569?
3, 23, 43, 24469
List the prime factors of 37388176.
2, 7, 103, 463
What are the prime factors of 97524500?
2, 5, 195049
List the prime factors of 227112.
2, 3, 9463
List the prime factors of 423117815.
5, 53, 83, 19237
What are the prime factors of 335250740?
2, 5, 11, 31, 49157
List the prime factors of 38991821.
11, 37, 95803
List the prime factors of 54841866.
2, 3, 19, 307, 1567
List the prime factors of 4464968653.
107, 4567, 9137
What are the prime factors of 149053840?
2, 5, 13, 251, 571
What are the prime factors of 6356247720?
2, 3, 5, 2521, 21011
What are the prime factors of 1962496419?
3, 13, 50320421
What are the prime factors of 20051468?
2, 5012867
What are the prime factors of 648189474?
2, 3, 108031579
List the prime factors of 2654049361.
157, 389, 43457
List the prime factors of 911597798.
2, 83, 5491553
What are the prime factors of 482573935?
5, 96514787
What are the prime factors of 384740866?
2, 43, 4473731
List the prime factors of 43010482.
2, 21505241
List the prime factors of 626093256.
2, 3, 26087219
List the prime factors of 24319005.
3, 5, 307, 5281
What are the prime factors of 2313785161?
31, 74638231
List the prime factors of 42195711.
3, 2089, 6733
What are the prime factors of 73703832?
2, 3, 3070993
List the prime factors of 51421764.
2, 3, 4285147
List the prime factors of 526654587.
3, 29, 53, 114217
List the prime factors of 188948012.
2, 11, 109, 39397
What are the prime factors of 1046742323?
11, 786433
What are the prime factors of 60055077?
3, 103, 194353
List the prime factors of 77216229.
3, 107, 181, 443
What are the prime factors of 27353876?
2, 11, 621679
List the prime factors of 1479720786.
2, 3, 246620131
List the prime factors of 1089249926.
2, 103, 193, 27397
What are the prime factors of 13711759?
113, 121343
List the prime factors of 1270863091.
23, 55254917
List the prime factors of 3362792.
2, 420349
List the prime factors of 404294893.
37, 47, 232487
List the prime factors of 59317228.
2, 1013, 14639
List the prime factors of 1021344874.
2, 11, 47, 53, 18637
List the prime factors of 182431975.
5, 11, 23, 28843
What are the prime factors of 26047611?
3, 2894179
What are the prime factors of 9023430?
2, 3, 5, 13, 17, 1361
What are the prime factors of 1522317334?
2, 761158667
What are the prime factors of 40308205?
5, 7, 67, 17189
What are the prime factors of 7968687282?
2, 3, 147568283
What are the prime factors of 23661192?
2, 3, 223, 4421
What are the prime factors of 189453?
3, 11, 5741
What are the 